e the remainder when 65634 is divided by 252.
114
What is the remainder when 602280 is divided by 2084?
4
What is the remainder when 14291882 is divided by 1867?
1864
What is the remainder when 96762987 is divided by 15?
12
What is the remainder when 320451 is divided by 2739?
2727
What is the remainder when 1900849 is divided by 6?
1
What is the remainder when 102703420 is divided by 3688?
3684
Calculate the remainder when 37684268 is divided by 12283.
24
What is the remainder when 2213069 is divided by 553140?
509
What is the remainder when 1714275 is divided by 40816?
3
Calculate the remainder when 69158 is divided by 174.
80
What is the remainder when 37281416 is divided by 396610?
76
What is the remainder when 3391798 is divided by 376866?
4
What is the remainder when 14371167 is divided by 3959?
3956
Calculate the remainder when 1207602 is divided by 164.
70
What is the remainder when 5893392 is divided by 15?
12
Calculate the remainder when 163551 is divided by 309.
90
Calculate the remainder when 2123635 is divided by 2737.
2460
Calculate the remainder when 15382832 is divided by 117.
23
Calculate the remainder when 66494 is divided by 16602.
86
Calculate the remainder when 4918683 is divided by 3236.
3199
Calculate the remainder when 55792967 is divided by 264.
263
Calculate the remainder when 1590133 is divided by 227160.
13
What is the remainder when 182361695 is divided by 2928?
2927
Calculate the remainder when 5550970 is divided by 318.
280
What is the remainder when 93061 is divided by 1061?
754
What is the remainder when 469354 is divided by 156417?
103
What is the remainder when 617138 is divided by 22?
16
What is the remainder when 142188 is divided by 4171?
374
Calculate the remainder when 30399 is divided by 15009.
381
What is the remainder when 48177251 is divided by 102?
101
What is the remainder when 11141 is divided by 3500?
641
What is the remainder when 37546 is divided by 9368?
74
Calculate the remainder when 497128 is divided by 458.
198
Calculate the remainder when 71021905 is divided by 398.
397
What is the remainder when 13520 is divided by 10205?
3315
Calculate the remainder when 207942 is divided by 3362.
2860
Calculate the remainder when 468379 is divided by 633.
592
Calculate the remainder when 50164735 is divided by 129.
118
Calculate the remainder when 35580327 is divided by 236.
23
Calculate the remainder when 26329919 is divided by 6275.
19
Calculate the remainder when 871688 is divided by 724.
716
Calculate the remainder when 4148715 is divided by 10889.
6
What is the remainder when 4866638814 is divided by 32?
30
What is the remainder when 5617502 is divided by 36?
26
Calculate the remainder when 5308116 is divided by 2654057.
2
Calculate the remainder when 10633906 is divided by 168.
10
Calculate the remainder when 8466072 is divided by 481.
472
What is the remainder when 1027693 is divided by 2357?
41
Calculate the remainder when 2113649 is divided by 1342.
1341
What is the remainder when 6508115 is divided by 18?
17
Calculate the remainder when 243471 is divided by 81136.
63
Calculate the remainder when 1001320 is divided by 59.
31
What is the remainder when 11214057 is divided by 195?
192
Calculate the remainder when 127237 is divided by 5648.
2981
Calculate the remainder when 719274 is divided by 7339.
52
Calculate the remainder when 127176 is divided by 4705.
141
Calculate the remainder when 354309 is divided by 438.
405
Calculate the remainder when 1502843 is divided by 605.
23
Calculate the remainder when 6437596 is divided by 26.
22
Calculate the remainder when 58282 is divided by 596.
470
Calculate the remainder when 49244327 is divided by 134.
131
Calculate the remainder when 647600 is divided by 874.
840
What is the remainder when 1176664 is divided by 127?
9
Calculate the remainder when 175830 is divided by 1066.
1006
Calculate the remainder when 11177166 is divided by 244.
14
Calculate the remainder when 29161 is divided by 908.
105
What is the remainder when 12403671 is divided by 15?
6
Calculate the remainder when 5209253 is divided by 471.
464
Calculate the remainder when 14477808 is divided by 113107.
112
Calculate the remainder when 17090 is divided by 239.
121
What is the remainder when 412999 is divided by 82585?
74
Calculate the remainder when 147060 is divided by 697.
690
Calculate the remainder when 174857 is divided by 19414.
131
What is the remainder when 3376953 is divided by 1687394?
2165
Calculate the remainder when 100517 is divided by 25122.
29
Calculate the remainder when 558099 is divided by 2044.
87
What is the remainder when 153935 is divided by 30571?
1080
Calculate the remainder when 443043 is divided by 852.
3
Calculate the remainder when 47488 is divided by 46641.
847
Calculate the remainder when 233010025 is divided by 3030.
3025
Calculate the remainder when 21742213 is divided by 143988.
25
Calculate the remainder when 557599 is divided by 2478.
49
Calculate the remainder when 29645040 is divided by 17.
15
What is the remainder when 244588 is divided by 119857?
4874
What is the remainder when 759842 is divided by 63309?
134
Calculate the remainder when 957758 is divided by 45590.
368
What is the remainder when 138381 is divided by 27293?
1916
What is the remainder when 101545 is divided by 5636?
97
Calculate the remainder when 5668724 is divided by 2954.
2952
Calculate the remainder when 58586095 is divided by 1948.
1943
Calculate the remainder when 6833779 is divided by 1856.
1843
Calculate the remainder when 3546247 is divided by 77.
12
Calculate the remainder when 45930938 is divided by 305.
73
Calculate the remainder when 5356440 is divided by 1785474.
18
Calculate the remainder when 93458746 is divided by 94.
92
What is the remainder when 127133 is divided by 63?
62
What is the remainder when 131784306 is divided by 14?
10
What is the remainder when 464625 is divided by 368?
209
What is the remainder when 21310 is divided by 207?
196
Calculate the remainder when 3214529 is divided by 3214091.
438
What is the remainder when 28266 is divided by 7672?
5250
What is the remainder when 51081899 is divided by 246?
245
Calculate the remainder when 518031 is divided by 518.
31
Calculate the remainder when 1390755 is divided by 90.
75
What is the remainder when 35408 is divided by 152?
144
What is the remainder when 1572251 is divided by 6340?
6271
Calculate the remainder when 5676619 is divided by 630691.
400
Calculate the remainder when 632540 is divided by 14375.
40
What is the remainder when 207812 is divided by 103897?
18
Calculate the remainder when 4175155 is divided by 142.
71
What is the remainder when 69657168 is divided by 579?
573
Calculate the remainder when 384925 is divided by 264.
13
Calculate the remainder when 1875492 is divided by 18.
0
Calculate the remainder when 113574095 is divided by 3699.
3698
What is the remainder when 864655 is divided by 61760?
15
Calculate the remainder when 57060 is divided by 2823.
600
Calculate the remainder when 3614 is divided by 3291.
323
Calculate the remainder when 411399999 is divided by 102849997.
11
Calculate the remainder when 493200889 is divided by 12.
1
Calculate the remainder when 252436 is divided by 737.
382
Calculate the remainder when 147650 is divided by 4623.
4337
What is the remainder when 86021 is divided by 90?
71
Calculate the remainder when 419798 is divided by 14815.
4978
What is the remainder when 4594479 is divided by 1148614?
23
Calculate the remainder when 28293358 is divided by 1114.
1100
Calculate the remainder when 653157 is divided by 141.
45
Calculate the remainder when 550618 is divided by 2374.
2224
Calculate the remainder when 27434785 is divided by 219.
217
Calculate the remainder when 1199221 is divided by 3958.
3905
Calculate the remainder when 4873008 is divided by 225.
183
Calculate the remainder when 327388 is divided by 86.
72
Calculate the remainder when 2127385 is divided by 25326.
1
Calculate the remainder when 307203125 is divided by 146.
145
What is the remainder when 2745324 is divided by 4708?
560
Calculate the remainder when 1180365 is divided by 366.
15
Calculate the remainder when 10838197 is divided by 326.
1
Calculate the remainder when 3804002157 is divided b